e -4*d = 4*w - 5*w - 45, 5*w = 3*d - 21. Calculate the greatest common factor of d and q.
12
Suppose 0 = 15*p - 28*p + 455. What is the greatest common divisor of p and 15?
5
Suppose -t - 16 = -5*t. Let w = 639 - 607. Calculate the greatest common divisor of t and w.
4
Suppose -4*l + 3*y + 12 = 0, -4*y - 6 = -5*l + 9. Suppose 0*z + l = -3*z. Let p be z/3 + (-37)/(-3). What is the greatest common factor of p and 96?
12
Suppose 0 = 7*f - 47 - 135. What is the greatest common factor of f and 104?
26
Suppose 20*l = -5*l + 7650. Calculate the highest common factor of l and 17.
17
Suppose 8 = 280*a - 278*a. Suppose 45 = a*h - d - 49, 0 = 5*h - d - 118. Calculate the greatest common factor of 108 and h.
12
Suppose 4*s + 5*m - 624 = m, 0 = 3*s + 4*m - 465. What is the highest common factor of s and 265?
53
Let o(b) = -48*b**3 - 4*b**2 - 17*b + 4. Let u be o(-4). Calculate the greatest common factor of 11 and u.
11
Suppose c + 5 = 0, -10*g = -15*g + 4*c + 1730. Calculate the greatest common divisor of g and 152.
38
Let i = 26 + -21. Suppose -544 = -4*d + 4*p, 5*d + i*p = 955 - 305. What is the highest common factor of d and 19?
19
Suppose 2*h + 2*l - 200 = 6*l, 2*l + 388 = 4*h. Calculate the highest common factor of h and 3.
3
Suppose -4*i - 25 = -6*i - 5*o, 5*o - 50 = -3*i. Calculate the greatest common divisor of i and 100.
25
Let k = 5 - -18. Suppose -83 = 3*u - 5*f, 5*f + 66 = -3*u + k. Let o = -3 - u. Calculate the highest common divisor of 9 and o.
9
Let j(c) = -c - 16. Let w be j(-33). Calculate the greatest common factor of 17 and w.
17
Let o be 6/8 - (-74)/8. Suppose 0 = o*x - 12*x + 88. What is the highest common factor of 11 and x?
11
Suppose -9*y + 1281 - 66 = 0. What is the greatest common divisor of y and 5?
5
Let a be 2/6 - (-106)/6. Let p = 1774 + -1648. What is the highest common factor of p and a?
18
Let b(v) = 3*v**2 - 64. Let u be b(6). What is the greatest common divisor of 121 and u?
11
Suppose -4*t = 4, -3*t - 20 + 5 = 2*i. Let o = i - -12. Suppose 0 = -4*r + 3*r + 6. What is the highest common factor of r and o?
6
Suppose -4*h + 5*h - 2 = 0. Suppose -1 = -h*a + 49. Calculate the greatest common divisor of 10 and a.
5
Let v be ((-2)/3)/((-12)/360). Let p = 97 - 67. Calculate the greatest common factor of p and v.
10
Let a = 142 - 120. Calculate the highest common divisor of 594 and a.
22
Suppose k = 3*k - 40. Let v be 171/2 + 13/26. Suppose -u + g + 18 = 0, u - 3*g + v = 5*u. What is the greatest common factor of u and k?
20
Let g(f) = 26*f**3 + f**2 + f - 3. Let u be g(1). Calculate the greatest common factor of 75 and u.
25
Let j = -955 - -1018. Let u be -1*2*(-27)/6. What is the greatest common factor of u and j?
9
Suppose 14 = -7*f + 35. Suppose 2*g + f*g - 4*p = 44, -5*p = -4*g + 28. Calculate the highest common factor of g and 192.
12
Suppose 0 = -w + 4*w - 30. Let r = 52 + -51. Let s be (5*r)/((-6)/(-5) + -1). What is the greatest common divisor of s and w?
5
Let f = -76 + 136. Let h be -3 + (45 - 3) + 2/2. What is the greatest common divisor of h and f?
20
Let b = 636 - 612. Calculate the highest common factor of b and 16.
8
Suppose 220 = 7*r - 2*r. Let l = -6346 + 6456. What is the greatest common factor of r and l?
22
Suppose v - 5*v = -8. Suppose -164 = -2*g - 6*y + v*y, 5*g + y = 365. Suppose -15*w + 18*w = 24. What is the highest common divisor of g and w?
8
Let p be ((-42)/4)/((-6)/(-8)). Let f be (-2)/7 + (-550)/p. Suppose 2*x - 5*z - f = 0, -2*z - z + 117 = 4*x. Calculate the greatest common factor of x and 9.
9
Let g = -380 - -468. What is the greatest common divisor of g and 104?
8
Let v be (-182)/(-2)*(3 + (-3 - -1)). Suppose -5*g + 309 = 2*w - v, -2*g - w = -161. Calculate the greatest common divisor of 117 and g.
39
Let r = -79 + 80. Suppose 0 = -a + 11 - r. Calculate the highest common factor of a and 5.
5
Suppose -4*c + 23 + 37 = 0. Suppose -k = 3*d - 56, -2*k - 2*d - 3*d + 109 = 0. Suppose s = k - c. Calculate the highest common divisor of s and 80.
16
Suppose 4*q = -3*m + 168 - 47, -2*m - 146 = -4*q. Calculate the highest common factor of 102 and q.
34
Suppose -a - 5*q = -2, a - 3*a - 2*q + 28 = 0. Let j = -17 + a. Let w = 1 + j. What is the greatest common divisor of 7 and w?
1
Let o(b) = b**2 + 8*b + 33. Let k be o(-8). What is the highest common factor of k and 33?
33
Suppose -54 = -u + 2*o, -3*o - 250 - 27 = -5*u. What is the greatest common divisor of 112 and u?
56
Let n(c) = c**3 - 9*c**2 + 2*c - 13. Let l = 17 - 8. Let p be n(l). Calculate the highest common divisor of p and 25.
5
Suppose 0*u - 5*u + 25 = 0. Suppose l - 4*g - 2 = -16, -u*l = g - 14. Suppose 3*n - 59 = -s, 3*s = n - 2*n + 33. What is the greatest common factor of l and n?
2
Let g be 4 - 1 - 2 - (1 - 10). Let m be (-166)/(-18) - g/45. Calculate the greatest common divisor of m and 72.
9
Let s be (-2 + -12)*2/(-4). Let r be (-6 - 57)*(112/(-63))/8. What is the highest common divisor of s and r?
7
Suppose 5*h = -c + 517, h + 2*c = -2 + 100. Suppose -6*m + 2*m = -4*u + h, -m = -4*u + 89. What is the highest common factor of 7 and u?
7
Suppose 113*o - 131*o = -2052. Calculate the highest common divisor of 38 and o.
38
Let t be 11 + (-3 - (6 - 3)). Calculate the greatest common divisor of t and 155.
5
Suppose 2*k + 8*k + 1070 = 0. Let g = k - -118. Calculate the highest common factor of g and 1.
1
Let o = -57 - -62. Let l = 32 - 68. Let t = -21 - l. What is the greatest common divisor of t and o?
5
Let x = -6 + 8. Suppose 274 = 5*u - 4*z + 20, -4*u + 198 = x*z. Suppose 3*i - 4 - u = 0. Calculate the greatest common divisor of i and 36.
18
Let c = 37 - 26. Let j be (c + 9)/(3 - 1). Suppose -3*h + j = 2*y - 2*h, 4*y = h + 14. Calculate the greatest common divisor of 4 and y.
4
Let q = -204 - -211. Calculate the greatest common divisor of q and 301.
7
Suppose 3*a - 18 = -4*f, 3*a - 6 = f - 3. Suppose 0 = 5*q - f*q - 10. Calculate the highest common factor of 10 and q.
5
Suppose -80*z + 70*z + 60 = 0. Let i be 5*(-1 + 0 + 4). Calculate the highest common factor of z and i.
3
Let q = 1722 + -1384. What is the greatest common factor of 39 and q?
13
Let l = 9 - 1. Let g(p) = l*p**2 + 7*p**2 - 2*p - 3*p**2. Let q be g(1). What is the highest common divisor of q and 70?
10
Suppose -2*l = -4 - 4. Suppose l*m = 3*m + 30. Let j = -18 + m. What is the greatest common divisor of j and 60?
12
Suppose 45 + 7 = 13*g. Calculate the highest common divisor of g and 44.
4
Let o(i) = -i**2 + 10*i + 19. Let g be o(7). What is the highest common factor of 32 and g?
8
Suppose -87*w = -90*w + 72. What is the highest common divisor of w and 12?
12
Let l(u) = -u**3 - 8*u**2 - 10*u - 17. Let o be l(-7). Suppose o*f = 9*f - 210. What is the highest common factor of 28 and f?
14
Suppose -v = -2*d + 706, 0 = -3*d + 7*v - 3*v + 1064. Suppose 5*y - y = 176. What is the greatest common divisor of y and d?
44
Let j(n) = -n**2 - 4*n. Let l be j(-4). Suppose l = -2*u + 5 + 13. Let k = u + -6. Calculate the highest common divisor of 24 and k.
3
Let k = 482 - 478. What is the highest common factor of k and 20?
4
Suppose g - 3*p = -8*p + 302, -2*p + 2 = 0. Suppose 0 = 3*n - 12*n + g. Calculate the highest common divisor of 297 and n.
33
Let w be 6/(-4)*13832/(-21). Calculate the greatest common factor of 52 and w.
52
Let o = 4 + 7. Let n(w) = -45*w - 9. Let z be n(-5). Let f be -2*z/(-4) - -2. What is the highest common factor of f and o?
11
Suppose -638 = -4*x + z, 70*z + 2 = 71*z. What is the highest common factor of x and 10?
10
Let q(p) = -2*p + 2. Suppose 2*s = -y - 2, -5*y + 6 + 5 = 3*s. Let v be q(s). Suppose 38*c - 2844 + 2388 = 0. What is the greatest common divisor of v and c?
4
Suppose -60 = -9*s + 8*s. Let v(b) = 15*b**2 + 2*b - 2. Let z be v(2). Let a = z - 38. What is the highest common divisor of a and s?
12
Suppose -2*n - x = -4, 3*x + 5 + 10 = 3*n. Suppose 17 + 10 = n*v. What is the greatest common factor of v and 9?
9
Let b be -2 + 5/1 - -301. What is the highest common factor of 8 and b?
8
Suppose -556*f - 378 = -558*f. Calculate the highest common factor of f and 21.
21
Suppose -3*o = 4*y - 88, 5*y = -3*o + 66 + 26. Calculate the greatest common divisor of o and 32.
8
Suppose -3*a = -4*t - 4, 38*a - 39*a + 2*t = 0. Calculate the highest common divisor of